common factor of h and w.
6
Let a = 1214 + -811. Suppose 5*n - 3*h = 7 + 129, 0 = -5*n - 2*h + 126. Calculate the greatest common factor of n and a.
13
Suppose 0 = -245*p - 84*p + 7*p + 74704. What is the highest common divisor of 319 and p?
29
Let p(g) = 33*g**2 + 2*g - 2. Let r = -43 - -44. Let s be p(r). Suppose s*b - 32*b = 10. Calculate the greatest common factor of 20 and b.
10
Suppose 3*i - 3*r - 126 = 0, -4*i + 5*r + 181 = 8. What is the greatest common divisor of 2701 and i?
37
Suppose -3*o - 3*o + 108 = 0. Let i = -18 + o. Let x be (i - 12/(-2)) + -3. Calculate the greatest common divisor of x and 6.
3
Suppose -86*j + 6 = -84*j. Suppose -4*m = 4*r + 8 - 168, 0 = 4*r + j*m - 165. Let y be (-8)/52 + 396/39. What is the greatest common factor of y and r?
5
Let o(p) = 21*p + 231. Let x be o(2). Calculate the highest common factor of x and 26.
13
Let x be 3/15*0*(-2)/4. Suppose -q + 3 = -x. Suppose 3*u + 2*u = 135. What is the highest common divisor of q and u?
3
Suppose -4*w + 2*q + 525 = 3*q, 4*w + 4*q - 540 = 0. Let o = 1160 + -1082. Calculate the greatest common divisor of o and w.
26
Let h be 70/(-4)*(-4)/(-2). Let k be 8*2/4 + h. Let b = 5 - k. What is the greatest common divisor of b and 24?
12
Suppose 87*a - 337*a + 36750 = 0. What is the highest common factor of 9310 and a?
49
Let x be (-910)/(-4)*(-16 - -22 - 370/(-5)). Calculate the greatest common divisor of 50 and x.
50
Suppose 0 = u + 9*u - 4130. Let n = u - 379. What is the greatest common factor of 187 and n?
17
Suppose -2*h + 17 = 5*x, 6*x = -4*h + 2*x + 52. Calculate the highest common divisor of 548 and h.
4
Let v(d) = 2*d**2 - 6*d - 5. Let b be v(-4). Let h = 488780 + -488661. Calculate the greatest common divisor of b and h.
17
Let w(o) = -o + 13. Let b be w(-16). Let n = -15 + b. Suppose -g = 39*g - 1680. Calculate the highest common factor of n and g.
14
Suppose -w + u + 164 = 0, 2*w + 3*u - 486 = -w. What is the highest common divisor of 326 and w?
163
Suppose -79*r + 192 = -91*r. Let g be 334 - (-6 + r/(-4)). What is the greatest common divisor of g and 7?
7
Let r(c) be the third derivative of c**4/12 + c**3 + 9*c**2 - 5*c. Let n be r(6). Calculate the highest common factor of n and 8.
2
Suppose 0*c = -3*v - 2*c + 8, -20 = -v - 5*c. Let x be (-688)/(v + -8) + (-1 - 4). What is the highest common factor of 36 and x?
9
Let z be 11/(-66) + 14*13/12. Suppose -z*g = 5*g - 480. Calculate the greatest common divisor of g and 168.
24
Let q(w) = -w**2 - 22*w - 5. Let n be q(-21). Suppose 0 = -y - 2*i + 12, -4*y - 5*i + 41 = -n. What is the highest common divisor of 24 and y?
6
Let k = -31 + 77. Suppose k*g - 243 = 19*g. Calculate the greatest common factor of g and 21.
3
Suppose -120 = -3*t + f - 0*f, -3*t + 120 = -2*f. Let o = 131 - 102. Suppose 3*g - 19 = o. What is the greatest common factor of t and g?
8
Let v = -172 + 175. Suppose 0 = -16*z - v*z + 2375. What is the highest common divisor of 25 and z?
25
Let b(z) = z**3 - 7*z**2 + 14. Let i be b(7). Let p = -959 - -1036. Calculate the highest common divisor of i and p.
7
Let w be (-3*2/6)/((-1)/2). Let v be (0 + w)*-96*(-2 + 1). Suppose -j = -5*m + v, 0*j - j - 2 = 0. What is the greatest common factor of 57 and m?
19
Let f = 2355 - 2145. Calculate the highest common factor of f and 798.
42
Suppose 0*l = 2*l - 34. Let n be (-5)/(-7) + 2 + ((-63444)/(-119))/4. What is the highest common divisor of n and l?
17
Let y(s) = -s**2 - 9*s + 70. Let o be y(5). Let a be (-10 - -1)/(-3)*1. Suppose -k + a*k - 406 = o. What is the highest common factor of 29 and k?
29
Let o = 11 - -9. Let u be 210/175*(11 - 1). Suppose -11*s = u*s - 92. Calculate the highest common factor of o and s.
4
Let t(a) = a**3 - 44*a**2 - 93*a + 48. Let n be t(46). Suppose 4*v - 6*d = -d + 4267, 3*d + 2133 = n*v. What is the highest common factor of v and 12?
12
Let x = 278 + -281. Let z(r) = -3*r**3 - 5*r**2 - 11*r + 3. Let p be z(x). What is the highest common factor of p and 96?
24
Let n(q) = q**3 - q**2 - 12*q + 84. Let w be n(10). What is the greatest common factor of w and 1944?
216
Let n(j) = -106*j + 646. Let d be n(6). What is the highest common factor of 4390 and d?
10
Let s(w) = 3*w**2 - 3*w + 2. Let y be s(2). Let r be -6*3/9 - 3/(-1). Calculate the highest common divisor of y and r.
1
Suppose 1239 - 1215 = 6*t. Let j = 30 - 19. Suppose j = -3*d + 23. Calculate the highest common divisor of d and t.
4
Suppose -23*x + 1892 + 1098 = 0. Calculate the greatest common factor of x and 26.
26
Let i = -11883 - -12233. What is the greatest common factor of 3600 and i?
50
Let v(y) = -17*y**3 + 98*y**2 + 470*y - 3. Let i be v(-5). Calculate the highest common divisor of i and 22.
22
Suppose -831 - 236 = -v. Calculate the highest common divisor of 11 and v.
11
Let k = 189 - 189. Suppose -609*q + 607*q + 264 = k. What is the highest common factor of 84 and q?
12
Suppose -38*f + 600 = -350. Let c = -319 + 1044. Calculate the greatest common factor of f and c.
25
Suppose -6684*p + 6613*p + 1562 = 0. What is the greatest common divisor of p and 6094?
22
Let z = 71 + -7. Let k be 117*3 - 7/(-26 + 19). Calculate the greatest common divisor of k and z.
32
Let q = 1701 - 1686. Let k(j) = j - 2. Let t be k(8). What is the highest common factor of t and q?
3
Let l = 2625 + -1010. What is the highest common factor of l and 170?
85
Let t(r) = -r**2 + 8*r + 30. Suppose -8*u + 10*u + 47 = 5*d, 4*d + 2*u - 34 = 0. Let s be t(d). Calculate the highest common divisor of 63 and s.
21
Suppose 2*j = -3*j + 60. Let n be 154/j + (-1)/(-6). Suppose -8*f + 312 = -0*f + 4*f. What is the highest common factor of f and n?
13
Let f be ((-480)/16)/((-2)/3). Let t be f/(-18)*-2*1. Let k be -1*(2 + -2) - -55. Calculate the highest common divisor of k and t.
5
Let u(k) = 76*k**3 - k**2 + 5*k - 3. Suppose 3*g - 14 - 1 = 0. Suppose 3*w - 8*w + g = 0. Let r be u(w). What is the greatest common factor of r and 7?
7
Let q = 739 + -377. Let v = 381 - q. Calculate the highest common divisor of v and 38.
19
Let f be 2 - (-5 + 6)*-1. Suppose 0 = 5*c + 5*i - 140, -3*c + f*i + 9 = -45. What is the highest common divisor of 1 and c?
1
Let x = 13411 - 13366. Calculate the highest common factor of x and 1359.
9
Let s be ((-12)/16)/1 - (-46)/8. Suppose 0 = s*x - v + 10 - 126, 4*v = 3*x - 73. Calculate the greatest common factor of 299 and x.
23
Suppose 3*s = -24, -4*w - 3443*s = -3442*s - 7608. What is the greatest common divisor of 80 and w?
16
Let z(c) = -144*c + 1359. Let r be z(9). What is the highest common factor of 7560 and r?
63
Suppose -2*c = -28 - 6. Suppose 2*x - 53 + c = 0. Calculate the highest common divisor of 6 and x.
6
Suppose -2*r + t = -731, 180*t = -5*r + 184*t + 1820. What is the greatest common divisor of r and 40112?
368
Let d = 227 - 96. Suppose 0 = -4*n - 0*w - w + 163, d = 3*n - w. What is the highest common factor of n and 210?
42
Suppose -u + 77 = -2*s - 3*s, 2*u + s = 132. Let m = 2434 - 2422. Suppose 27 = q - 5*z, -3*z + u + m = 5*q. Calculate the greatest common divisor of 34 and q.
17
Let s(q) = -16593*q + 248910. Let j be s(15). Suppose f = 7 + 3. Suppose -v = 4*d - 2*v - 785, 0 = 2*v + f. Calculate the highest common factor of d and j.
15
Let s(n) = 4*n**2. Let m be s(-2). Let d be (-3)/21*10*19040/(-136). What is the greatest common factor of d and m?
8
Suppose -223 - 362 = 9*x. Let m(h) = -h - 17. Let c be m(0). Let d = c - x. Calculate the highest common divisor of 12 and d.
12
Let y(a) = -a**3 + 17*a**2 + a + 17. Let w(z) = z**2 + 17. Let n be w(0). Let b be y(n). Let p = b - -29. Calculate the greatest common factor of p and 18.
9
Let h(b) = -b**2 + 71*b + 887. Let z be h(79). What is the greatest common factor of 35 and z?
5
Suppose 0 = -2*l - u + 32, -5*l + u - 4*u + 81 = 0. Suppose -l*g = -678 - 3522. Calculate the greatest common factor of 35 and g.
35
Let i = -263 - -267. Suppose -i*v + 683 - 214 = w, -15 = 5*w. Calculate the highest common factor of v and 59.
59
Let a(o) = o**3 + 18*o**2 + 33*o + 14. Let z = -11 + -3. Let k be a(z). Calculate the greatest common divisor of 16 and k.
16
Suppose -t + 6253 = o, 5*t - 30121 + 5106 = -4*o. Calculate the highest common divisor of o and 200.
50
Let s(x) = x**3 - 19*x**2 + 50*x + 21. Let g be s(16). What is the